{"id":1720,"date":"2023-07-19T08:03:20","date_gmt":"2023-07-19T08:03:20","guid":{"rendered":"https:\/\/rockwell.realadvisor.io\/sales\/paudex-1094-g8ld-mgvk\/"},"modified":"2026-04-16T20:44:07","modified_gmt":"2026-04-16T20:44:07","slug":"paudex-1094-g8ld-mgvk","status":"publish","type":"listing","link":"https:\/\/rockwell.ch\/en\/sales\/paudex-1094-g8ld-mgvk\/","title":{"rendered":"Charmant appartement de 3.5 pi\u00e8ces avec vue sur le lac"},"content":{"rendered":"<p><strong>Appartement de 3.5 pi\u00e8ces avec magnifique vue sur le lac<\/strong><\/p>\n<p>Situ\u00e9 dans la commune de Paudex, cet appartement de 3.5 pi\u00e8ces b\u00e9n\u00e9ficie d'une vue imprenable sur les environs. A proximit\u00e9 de toutes les commodit\u00e9s, moderne et \u00e9l\u00e9gant, il est tout simplement parfait pour les personnes \u00e0 la recherche d'un logement spacieux et lumineux.<\/p>\n<p>Voici les principales caract\u00e9ristiques de cette propri\u00e9t\u00e9 :<\/p>\n<ul>\n<li>Une surface habitable de 96 m\u00e8tres carr\u00e9s<\/li>\n<li>Deux chambres \u00e0 coucher<\/li>\n<li>Deux salles de bains modernes attenantes aux chambres \u00e0 coucher<\/li>\n<li>Une  toilette s\u00e9par\u00e9e, pour un maximum de confort<\/li>\n<li>Une terrasse de 45 m\u00e8tres carr\u00e9s et balcon de 20 m\u00e8tres carr\u00e9s, pour profiter pleinement des beaux jours et admirer la vue panoramique<\/li>\n<li>Deux places de parking ext\u00e9rieures, avec une borne de recharge \u00e9lectrique pour voitures<\/li>\n<\/ul>\n<p>La maison a \u00e9t\u00e9 b\u00e2tie en 2019, garantissant des installations modernes et une qualit\u00e9 sup\u00e9rieure. De plus, la pompe \u00e0 chaleur, vous fournira un confort thermique optimal toute l'ann\u00e9e.<\/p>\n<p>Prix de vente de l'appartement : CHF 1'280000.-<br \/>\nPrix de vente des deux places de parc : CHF 40'000.-<\/p>\n<p><strong>Prix total de vente de CHF 1'320'000.- tout compris.<\/strong><\/p>\n<p>A d\u00e9couvrir absolument.<\/p>\n","protected":false},"featured_media":0,"template":"","listing_type":[2],"property_type":[16],"no_of_rooms":[4],"feature":[269,24],"orientation":[],"locality":[121,13],"postcode":[122],"country":[9],"listing_status":[10],"ra_feature":[11],"class_list":["post-1720","listing","type-listing","status-publish","hentry","listing_type-buy","property_type-apartment","no_of_rooms-6-rooms","feature-child-friendly","feature-view","locality-paudex","locality-vaud","postcode-122","country-ch","listing_status-available","ra_feature-published-on-ra"],"acf":[],"_links":{"self":[{"href":"https:\/\/rockwell.ch\/en\/wp-json\/wp\/v2\/listing\/1720","targetHints":{"allow":["GET"]}}],"collection":[{"href":"https:\/\/rockwell.ch\/en\/wp-json\/wp\/v2\/listing"}],"about":[{"href":"https:\/\/rockwell.ch\/en\/wp-json\/wp\/v2\/types\/listing"}],"wp:attachment":[{"href":"https:\/\/rockwell.ch\/en\/wp-json\/wp\/v2\/media?parent=1720"}],"wp:term":[{"taxonomy":"listing_type","embeddable":true,"href":"https:\/\/rockwell.ch\/en\/wp-json\/wp\/v2\/listing_type?post=1720"},{"taxonomy":"property_type","embeddable":true,"href":"https:\/\/rockwell.ch\/en\/wp-json\/wp\/v2\/property_type?post=1720"},{"taxonomy":"no_of_rooms","embeddable":true,"href":"https:\/\/rockwell.ch\/en\/wp-json\/wp\/v2\/no_of_rooms?post=1720"},{"taxonomy":"feature","embeddable":true,"href":"https:\/\/rockwell.ch\/en\/wp-json\/wp\/v2\/feature?post=1720"},{"taxonomy":"orientation","embeddable":true,"href":"https:\/\/rockwell.ch\/en\/wp-json\/wp\/v2\/orientation?post=1720"},{"taxonomy":"locality","embeddable":true,"href":"https:\/\/rockwell.ch\/en\/wp-json\/wp\/v2\/locality?post=1720"},{"taxonomy":"postcode","embeddable":true,"href":"https:\/\/rockwell.ch\/en\/wp-json\/wp\/v2\/postcode?post=1720"},{"taxonomy":"country","embeddable":true,"href":"https:\/\/rockwell.ch\/en\/wp-json\/wp\/v2\/country?post=1720"},{"taxonomy":"listing_status","embeddable":true,"href":"https:\/\/rockwell.ch\/en\/wp-json\/wp\/v2\/listing_status?post=1720"},{"taxonomy":"ra_feature","embeddable":true,"href":"https:\/\/rockwell.ch\/en\/wp-json\/wp\/v2\/ra_feature?post=1720"}],"curies":[{"name":"wp","href":"https:\/\/api.w.org\/{rel}","templated":true}]}}

Charmant appartement de 3.5 pièces avec vue sur le lac

<p><strong>Appartement de 3.5 pièces avec magnifique vue sur le lac</strong></p>
<p>Situé dans la commune de Paudex, cet appartement de 3.5 pièces bénéficie d'une vue imprenable sur les environs. A proximité de toutes les commodités, moderne et élégant, il est tout simplement parfait pour les personnes à la recherche d'un logement spacieux et lumineux.</p>
<p>Voici les principales caractéristiques de cette propriété :</p>
<ul>
<li>Une surface habitable de 96 mètres carrés</li>
<li>Deux chambres à coucher</li>
<li>Deux salles de bains modernes attenantes aux chambres à coucher</li>
<li>Une  toilette séparée, pour un maximum de confort</li>
<li>Une terrasse de 45 mètres carrés et balcon de 20 mètres carrés, pour profiter pleinement des beaux jours et admirer la vue panoramique</li>
<li>Deux places de parking extérieures, avec une borne de recharge électrique pour voitures</li>
</ul>
<p>La maison a été bâtie en 2019, garantissant des installations modernes et une qualité supérieure. De plus, la pompe à chaleur, vous fournira un confort thermique optimal toute l'année.</p>
<p>Prix de vente de l'appartement : CHF 1'280000.-<br />
Prix de vente des deux places de parc : CHF 40'000.-</p>
<p><strong>Prix total de vente de CHF 1'320'000.- tout compris.</strong></p>
<p>A découvrir absolument.</p>
